
Let k = -1 - -1. Let a = -438 + 438. Suppose k*v + 2*v - 108 = a. What is the units digit of v?
4
Suppose 0*g - 5*g - 35 = 0. Let a = 15 - g. Suppose -2*u + a + 0 = 0. What is the tens digit of u?
1
Let o = 1 + -3. Let x(i) be the second derivative of -2*i**3 + 6*i. What is the units digit of x(o)?
4
Let i(o) = 1 + 2*o + o**3 - 934*o**2 + 472*o**2 + 465*o**2. Let w = 2 + -4. What is the units digit of i(w)?
1
Let d(a) = -7*a**3 - 3*a**2 - 9*a - 17. Let x(b) = 11*b**3 + 4*b**2 + 13*b + 25. Let n(u) = 8*d(u) + 5*x(u). What is the tens digit of n(-5)?
4
Suppose -143*b + 4 = -142*b. Let f = 187 - b. What is the tens digit of f?
8
Let u be (-32)/(-14) + 12/(-42). Suppose -u*m = -m - 186. What is the tens digit of m?
8
Let r(w) = 4*w**2 - 4*w - 14. Let n(c) = -c + 1. Let g(z) = n(z) + r(z). What is the units digit of g(-6)?
1
Let c = -53 - -49. Let v(k) = -16*k + 10. What is the tens digit of v(c)?
7
Let m = 1500 + -541. What is the tens digit of m?
5
Let i = 3 - -20. Let s = i + -19. Suppose -3*f = -s*f + 3. What is the units digit of f?
3
Suppose 0 = 5*o + 4*a - 9579, -5*o + 7*o = -5*a + 3818. What is the thousands digit of o?
1
Let g = 8 + 8. Suppose 245 = 3*q + 4*s, -4*q = 5*s - g - 312. What is the units digit of q?
7
Let x(g) = -6*g - 15. Let l be x(12). Let v = l - -214. What is the tens digit of v?
2
Let j(h) = -h**2 + 12*h - 12. Let o be -15*(-1 + (-3)/(-9)). Let i be j(o). Suppose -63 = -i*a + 5*a. What is the units digit of a?
1
Let d = 33 - 29. Suppose d*k = 112 - 32. What is the tens digit of k?
2
Let u(q) be the second derivative of -q**5/20 - q**4/6 - q**3/6 + 6*q**2 + 15*q. What is the tens digit of u(-5)?
9
Let a(y) = 7*y - 11. Suppose 5*w - 4*s - 47 = 0, 2*w - 17 = -3*s + 4*s. Suppose 4*j + 4*k - 5 = w, 12 = j - 2*k. What is the units digit of a(j)?
1
Let l(h) = -h**2 + 1. Suppose 2*d - 2*b = 4*d - 2, -5*d + 5*b = 25. Let v(q) = -q**2 + 5*q + 1. Let f(u) = d*l(u) + v(u). What is the tens digit of f(-9)?
3
Let u(v) = -23. Let n(b) = 3*b + 3*b + 23 - b - 4*b. Let h(g) = 4*n(g) + 5*u(g). What is the units digit of h(14)?
3
Let a = 2 + 2. Suppose 4*n + a*z = -152, -5*z = -5*n - 31 - 169. What is the units digit of (-13)/n - (-26)/3?
9
Let z(f) = 15*f**2 - 75*f - 43. What is the hundreds digit of z(13)?
5
Let j(r) = -r**3 + r**2 - r - 40. Let z be j(0). What is the units digit of z/(-6) + 6/(-9)?
6
Suppose -2*k - 1544 = -4*x, -4*x + 2*k + 1540 = -k. Suppose 22*h = 18*h + x. What is the tens digit of h?
9
Let c = 3724 - 1471. What is the thousands digit of c?
2
Let u(n) = 0*n - 4*n**2 + 2*n - 9*n**2 + n**3 - 35 - 6*n**2. What is the units digit of u(19)?
3
Let j(s) = 3*s**3 - 2*s**2 - 10*s + 1. Let n = 36 + -32. What is the hundreds digit of j(n)?
1
Let x(t) = 144*t**2 + 3*t + 1. Let a be x(-3). Let n be a/10 - 6/(-30). Suppose -2*f - 86 = -2*i, 0*i = -3*i - 4*f + n. What is the units digit of i?
3
Suppose 0 = 16*p - 13*p + 12. What is the tens digit of (389 + 3)/2 - p?
0
Let l = 13 - 12. Let j be -11 + (-1 - (l - -2)). What is the units digit of (-438)/j + 1/(-5)?
9
What is the units digit of -113 - -108 - (-436 + -1 + -1)?
3
Let h(d) = -2*d**3 + 16*d**2 - 8*d - 6. Let t = 32 + -26. What is the tens digit of h(t)?
9
Suppose -109*s = -104*s - 15860. What is the units digit of s?
2
Let a(p) = p**3 - 22*p**2 - 100*p - 34. What is the tens digit of a(27)?
1
What is the units digit of 3/(-6 + 0)*(26 + -1740)?
7
What is the hundreds digit of (338 - 4) + -1 + 10/2?
3
Let k(z) = -z**3 + z + 12. Suppose 0 = 2*m + 3*o - o + 8, 4 = -5*m - o. Suppose m = -d - 4*h, -d = d - 4*h. What is the units digit of k(d)?
2
Suppose -5413 = -2*x + o, 7*x - 4*x = -3*o + 8115. What is the units digit of x?
6
Suppose -4*w = -5*o + o - 24, -2*o - 6 = w. What is the units digit of (-10 + 20)*o/(-10)?
4
Let v be 0 - 7/(7/2). Let s be (-5 - (v + 2))*45. What is the tens digit of s/(-12) - (-3)/12?
1
Let d = -77 - -77. Suppose d = -2*w + x + 301, -2*w + 4*x + 464 = w. What is the units digit of w?
8
Let x = -737 - -2881. What is the thousands digit of x?
2
Let i(m) = 2*m - 12. Let r be i(4). Let y be (3 + r)/((-1)/(-1)). What is the units digit of 59 - 3*(y - -2)?
6
Let y be (2 - 0)/(8/40*-2). What is the hundreds digit of -8*(y + 225/(-20))?
1
Suppose -116*v + 107*v = -26973. What is the hundreds digit of v?
9
Let w(a) = a**3 - 8*a**2 - 5*a - 1. Let q be w(9). Let s be (-1)/2 - q/10. What is the units digit of -15*10/(-3) + s?
6
Let k(i) = 2*i + 16. Let q be k(-7). Suppose 0 = q*t + 5*c - 108, -t - 2*c = -65 + 12. What is the tens digit of t?
4
Let a(b) = -2*b**2 + 14*b + 5. What is the tens digit of a(5)?
2
Let w be 333/(-2) - 5/(-10). Let u = w - -13. What is the units digit of u/(-12) - 3/(-12)?
3
Suppose 2*b - 5*x = 9 + 1, 0 = -2*b - 4*x + 10. Suppose 5*d = -4*u + 401, 3*d + b*u = 6*u + 244. What is the tens digit of d?
8
Let g = 1 + -5. Let p be -2 + 2 - g/2. What is the tens digit of 0/(-2) - (-58)/p?
2
Suppose -23*k = -4*k - 15979. What is the units digit of k?
1
Let k(g) = 5*g**3 - 7*g**2 + g - 5. What is the units digit of k(5)?
0
Suppose -2*h + 7*h = 15. Suppose -5*z + 360 = -z. Suppose -h*d + 5*n + z = -d, 2*n = 4. What is the tens digit of d?
5
Let o be 9/(-6) + 471/2. Suppose 3*x - 5*p = 159, -x - 2*p = 4*x - o. Suppose d = 5*d - x. What is the units digit of d?
2
Suppose 47 - 412 = -5*k. Let y = k + -20. What is the units digit of y?
3
Suppose -29*i = -32*i + 60. What is the hundreds digit of i/15 + 380/3?
1
Suppose -5*u = q + 9, -1 = 3*q + 2*u - 0. Let x be (q/(-1))/(7/(-21)). Suppose x*p - p = 58. What is the tens digit of p?
2
Let i = 11 + -9. Let s(p) = p**2 + 0*p**i - 1 + 4 + 7*p. What is the units digit of s(-10)?
3
Let c(r) = -r. Let w(h) = -18*h - 2. Let d(i) = 10*c(i) - w(i). Suppose 4*a = -a + 10. What is the tens digit of d(a)?
1
Let p = -51 + 236. Let s = 376 - p. What is the hundreds digit of s?
1
Let v = -75 + 103. Let n = v + -22. What is the units digit of n?
6
Let y be 50*((-7)/2 - -3). Let w be 1/(-5) - 580/y. Suppose -4*k - 3 + w = 0, 106 = 4*s - 2*k. What is the tens digit of s?
2
Suppose 5*p - 3*y = 2505, 2*p - 2*y - y - 1002 = 0. What is the units digit of p?
1
What is the units digit of (-8)/44 + (-39208)/(-22)?
2
Suppose 26 = 5*d + 4*v, -2*d + 5*v + 0*v + 17 = 0. Suppose d*s - 791 = s - 4*m, -4*s = m - 624. What is the tens digit of s?
5
Let t(m) = -4*m**3 - 19*m**2 + 17*m + 34. Let b(d) = -d**3 - d**2 - d + 1. Let c(h) = -5*b(h) + t(h). What is the units digit of c(12)?
5
Let i(o) = -22*o**3 + 1. Suppose 0*q = -3*q + 12, 4*q - 13 = -3*s. Let h be i(s). Suppose -18*d = -h*d + 15. What is the units digit of d?
3
Let k be (0/((-2)/1))/1 - 56. Let o = k - -136. What is the units digit of o?
0
Suppose -37*p = -38*p + 549. What is the hundreds digit of p?
5
Let n(g) = -12*g**3 + 2*g**2 - 5*g + 4. What is the units digit of n(-4)?
4
Let z = 4 - 5. What is the units digit of -3 + 70 - (0 - z)?
6
Suppose 577 + 123 = 5*i. What is the hundreds digit of i?
1
Let s(y) be the first derivative of -y**4/4 + 17*y**3/3 - 13*y**2/2 - 13*y + 1. Let f be s(16). Let n = f + -16. What is the units digit of n?
9
Let j(n) = -n**3 - n**2 + 3. Let k be j(0). Suppose -3*a = -8*a + 2*m + 892, 5*a - 3*m = 888. Suppose -k*r + 0*r + a = 0. What is the tens digit of r?
6
Let a = -9727 + 15885. What is the hundreds digit of a?
1
Let g(m) = 2*m**2 - 28*m + 37. What is the tens digit of g(34)?
9
What is the hundreds digit of 7677/18 + (-1)/(-2)?
4
Suppose -35*m = -63*m + 16352. What is the units digit of m?
4
Suppose 0 = i + 1 - 2, 14 = 2*q + 4*i. Suppose 0 = -q*x + 989 - 259. What is the hundreds digit of x?
1
Let i = -245 + 312. Let v(a) = -3*a + 1. Let j be v(-1). Suppose -j*u + i = -73. What is the tens digit of u?
3
Let t = 3024 + -1172. What is the tens digit of t?
5
Let c = 774 - 311. What is the tens digit of c?
6
Suppose 13*r + 22 = 4637. What is the tens digit of r?
5
What is the units digit of (-62 + 6)*69/(-12)?
2
Let h(z) = z**2 + z + 4. Let r be h(0). Suppose -r*c + 9*c = 475. What is the units digit of c?
5
Let z(i) = i + 3. Let k(v) = -v - 2. Let t(r) = 4*k(r) + 3*z(r). Let s(c) = 2. Let m(b) = -s(b) + 2*t(b). What is the tens digit of m(-13)?
2
Let q = -39 + 41. Suppose -k - 58 = -q*k - x, -2*k = -x - 110. What is the units digit of k?
6
Let 